52?
454
In base 10, what is 0 - 220?
-220
In base 4, what is 1 - 21011?
-21010
In base 7, what is -13 - -16?
3
In base 4, what is 10221331 + -10?
10221321
In base 8, what is -4 + -16?
-22
In base 11, what is -10 + 122?
112
In base 14, what is -a23 - 3?
-a26
In base 16, what is -7 + -2c?
-33
In base 9, what is 58 - 2?
56
In base 6, what is 144 - -5?
153
In base 5, what is 102 + -14?
33
In base 8, what is 24 - -31?
55
In base 9, what is -3 + -3?
-6
In base 7, what is -45002 + -1?
-45003
In base 13, what is 344 + -24?
320
In base 16, what is -49 + -5?
-4e
In base 5, what is 201 - 32?
114
In base 13, what is -92 - -4?
-8b
In base 13, what is 0 + 48?
48
In base 4, what is -102122 + -1?
-102123
In base 10, what is -73 + 20?
-53
In base 12, what is 1673 - -3?
1676
In base 13, what is -909 - -1?
-908
In base 11, what is 6 + -7?
-1
In base 6, what is 1 + -31?
-30
In base 3, what is -112221 + -11?
-120002
In base 4, what is -3 + 121002?
120333
In base 4, what is -1000 - -203?
-131
In base 15, what is -4 - -15?
11
In base 4, what is 103 - -222?
331
In base 8, what is -5 + -357?
-364
In base 11, what is -1 + -17?
-18
In base 10, what is 3 + -322?
-319
In base 6, what is 1051 - -5?
1100
In base 16, what is -5 + 10?
b
In base 10, what is 6 - 39?
-33
In base 12, what is 151 + -3?
14a
In base 15, what is 1098 - 5?
1093
In base 6, what is 4505 + -30?
4435
In base 5, what is -402 + -10?
-412
In base 9, what is 5356 - 4?
5352
In base 4, what is 3 - 32?
-23
In base 16, what is -53c + 3?
-539
In base 4, what is 3 + -1223?
-1220
In base 12, what is -139 - -7?
-132
In base 3, what is 2 - -20112222?
20120001
In base 2, what is 10011 - -111010110?
111101001
In base 13, what is 0 + 132?
132
In base 10, what is 8 - -3?
11
In base 15, what is 6a - 2?
68
In base 11, what is -7 - 20?
-27
In base 10, what is 2 - -37?
39
In base 13, what is -15 - -2?
-13
In base 6, what is -3043 + 4?
-3035
In base 12, what is 5 + 4?
9
In base 8, what is -165167 - -5?
-165162
In base 13, what is -5 + -19?
-21
In base 8, what is 67 + 1?
70
In base 3, what is -1210 - -2100?
120
In base 16, what is -729 + 1?
-728
In base 15, what is -23 + 183?
160
In base 2, what is 1100111010 + -1?
1100111001
In base 16, what is -19a + 4?
-196
In base 2, what is -10001 - -11001000?
10110111
In base 4, what is -11 - -22221?
22210
In base 3, what is 12201 - -1111?
21012
In base 9, what is -56 + 24?
-32
In base 2, what is -10110001010 + -1100?
-10110010110
In base 3, what is 1200222 + 12?
1201011
In base 3, what is 201 + 2212?
10120
In base 8, what is -31 + -100?
-131
In base 8, what is -54412 - -5?
-54405
In base 8, what is -1124 - -17?
-1105
In base 14, what is 16 - 3?
13
In base 11, what is -1593 + -5?
-1598
In base 16, what is 2 + 222?
224
In base 2, what is -111011000 - 1?
-111011001
In base 14, what is 1975 + 3?
1978
In base 11, what is 29a - 1?
299
In base 9, what is 10581 - 5?
10575
In base 13, what is -1 - 39?
-3a
In base 5, what is -12 - -1334?
1322
In base 11, what is 0 + 77?
77
In base 12, what is -55 + -61?
-b6
In base 11, what is -5 + 2802?
27a8
In base 5, what is 1114 - -10?
1124
In base 16, what is -f - f?
-1e
In base 13, what is -4 - 33?
-37
In base 10, what is -18 + 421?
403
In base 10, what is -5 - 35?
-40
In base 15, what is -11 - -5b?
4a
In base 9, what is 5 + -2227?
-2222
In base 13, what is -31 + 46?
15
In base 13, what is -5bb - 2?
-5c0
In base 12, what is 5 + -102?
-b9
In base 11, what is 5 - 2191?
-2187
In base 4, what is -2 + -13222?
-13230
In base 3, what is 11 - -100211?
100222
In base 12, what is -229 + 1?
-228
In base 16, what is -8c - -5?
-87
In base 8, what is -21 - -2?
-17
In base 14, what is -3 + -2c0?
-2c3
In base 2, what is 1000100001111 - -101?
1000100010100
In base 14, what is -2 - 94?
-96
In base 7, what is -123644 + 5?
-123636
In base 16, what is 2 + -48?
-46
In base 12, what is -4 - b61?
-b65
In base 12, what is -4 - -11?
9
In base 9, what is -72 + -8?
-81
In base 15, what is 85 - -3?
88
In base 13, what is 243c + 5?
2444
In base 5, what is -22220 + 0?
-22220
In base 4, what is -2 - 20121?
-20123
In base 12, what is -8 + b9?
b1
In base 5, what is 124 + -1221?
-1042
In base 2, what is 1110010 - 10?
1110000
In base 5, what is 4 + -1314?
-1310
In base 10, what is 4064 + 5?
4069
In base 14, what is -4ac - -1?
-4ab
In base 4, what is -30122 - -21?
-30101
In base 12, what is 24 + -21?
3
In base 8, what is 244 - -240?
504
In base 4, what is 21 + -1003301?
-1003220
In base 4, what is 213 - 202?
11
In base 12, what is -20 + -13?
-33
In base 14, what is 27 + 0?
27
In base 15, what is 8e0 + 2?
8e2
In base 9, what is 4 - -808?
813
In base 8, what is 3 + -226?
-223
In base 8, what is -6 + 164?
156
In base 3, what is -222 - -200?
-22
In base 13, what is -2 - 1c?
-21
In base 4, what is 3 - 31?
-22
In base 10, what is 76 + -20?
56
In base 4, what is 10 - 10?
0
In base 5, what is 3411 - 10?
3401
In base 7, what is -12 - 0?
-12
In base 2, what is 101001 - -101?
101110
In base 10, what is 1 - -43?
44
In base 12, what is -588 + -1?
-589
In base 12, what is 133 + 3?
136
In base 9, what is -15 - 16?
-32
In base 5, what is 303414 + -10?
303404
In base 15, what is 1ab + 1?
1ac
In base 8, what is 55 + -412?
-335
In base 8, what is 4663 + -5?
4656
In base 4, what is -1200 - 12?
-1212
In base 16, what is 5 - 4a?
-45
In base 7, what is -5 - -554?
546
In base 15, what is 1 + -6a?
-69
In base 6, what is 0 + 1510?
1510
In base 12, what is -6 + -a6?
-b0
In base 10, what is -11774 - 3?
-11777
In base 6, what is -34 - -5?
-25
In base 6, what is -104 + 0?
-104
In base 13, what is 70 - 1?
6c
In base 10, what is 58 - -5?
63
In base 7, what is -1135 - 11?
-1146
In base 11, what is 4 - 485?
-481
In base 2, what is -110101110 + -100?
-110110010
In base 2, what is -10000110 + -10?
-10001000
In base 9, what is -11 - -73?
62
In base 11, what is 55 + 1?
56
In base 5, what is -33010 - 10?
-33020
In base 2, what is -100011 + 11?
-100000
In base 3, what is 1212 + 11?
2000
In base 6, what is -40 - -140?
100
In base 14, what is -2 + 4a1?
49d
In base 14, what is -99 + 6?
-93
In base 4, what is 1232 + -2?
1230
In base 13, what is 576 + 4?
57a
In base 9, what is 42866 + -3?
42863
In base 3, what is -101 - 1112?
-1220
In base 4, what is 22012 + 21?
22033
In base 10, what is 1220 - -3?
1223
In base 4, what is 1 + 32012?
32013
In base 12, what is 3a7 + -10?
397
In base 13, what is 36 - 69?
-33
In base 14, what is -35 + -8a?
-c1
In base 14, what is -4 + 2bb?
2b7
In base 16, what is -4 - 3e?
-42
In base 7, what is -10 + -2230?
-2240
In base 4, what is 1011320 - 2?
1011312
In base 6, what is 0 + -42424?
-42424
In base 11, what is 5725 + -4?
5721
In base 8, what is -7 - -1024?
1015
In base 2, what is -1100 + 101011?
11111
In base 12, what is 0 - -258?
258
In base 12, what is 6 + 1769?
1773
In base 6, what is 120 - -3?
123
In base 7, what is 5 + -12335?
-12330
In base 10, what is 2 - -752?
754
In base 15, what is 1 + 1e6?
1e7
In base 8, what is -6 + 102?
74
In base 7, what is 0 + -113?
-113
In base 8, what is -527 - -2?
-525
In base 10, what is -109 + 4?
-105
In base 6, what is -115 + -5?
-124
In base 14, what is -4 - 1993?
-1997
In base 4, what is -3 - 312?
-321
In base 7, what is -61 + -145?
-236
In base 8, what is -10133 + 2?
-10131
In base 12, what is 5 - -14a?
153
In base 10, what is 2 - 14?
-12
In base 8, what is 2 - 566?
-564
In base 13, what is 3 - 365?
-362
In base 5, what is -10 + 10143?
10133
In base 15, what is -112e - -4?
-112a
In base 6, what is -13045 + 5?
-13040
In base 10, what is -108 - 15?
-123
In base 6, what is -110 - 2242?
-2352
In base 15, what is e - 4a?
-3b
In base 10, what is 6 + -9?
-3
In base 13, what is -824 + -3?
-827
In base 11, what is 614 + 4?
618
In base 7, what is -12652 + 3?
-12646
In base 15, what is -18 - a?
-23
In base 13, what is -83 + 2?
-81
In base 11, what is 1 + -4?
-3
In base 12, what is -1 - -55?
54
In base 9, what is -1 - 134?
-135
In base 16, what is 12 - 2?
10
In base 4, what is 1 + 210?
211
In base 2, what is 11111000100100 - 0?
11111000100100
In base 15, what is 3 + -4dc?
-4d9
In base 16, what is -5 + -2d8?
-2dd
In base 11, what is 1 - -53?
54
In base 6, what is 20 - 121?
-101
In base 13, what is 3 + 7a3?
7a6
In base 8, what is -1 - -76?
75
In base 2, what is 1110010 + -11?
11